et p = m + 5. What is the units digit of p?
5
Let m be 6/(-9) + (-28)/(-6). Suppose -m*y - 196 = -8*y. Let c = y - 29. What is the tens digit of c?
2
Let w(g) = g**3 - 10*g**2 + g - 6. Suppose -3*j = -11 - 19. What is the units digit of w(j)?
4
Suppose 5 = 5*z, 2*x - 2*z + 82 = 6*x. Suppose 0 = -2*n + 7*n - x. Suppose -n*y + y = -60. What is the tens digit of y?
2
Let b be 4/(-6)*51/(-2). Suppose 5*c - b = -2*q, q + c - 2*c = 5. What is the units digit of (-9)/(2 + (-15)/q)?
8
Let z(k) = k**2 - 3*k - 1. Let o be z(4). Let a = 7 - o. What is the units digit of a?
4
Let c(k) = -k - 3. Let w be c(-4). Let v = 7 - w. What is the units digit of v?
6
Suppose 0*b - 2*b = -8. Suppose -n - b*n = -20. What is the units digit of n?
4
Suppose 0*m - 6 = -3*m. Suppose 5*a - m*b - 14 = 0, 4*b - 6 - 22 = -4*a. What is the units digit of a?
4
Let k be 10/(-3)*9/(-6). Let t be (-2)/4*(1 - 1). Suppose -k*l + 45 = -t. What is the units digit of l?
9
Suppose d - 53 = -12. What is the tens digit of d?
4
What is the tens digit of 17/(((-1)/(-12))/1)?
0
Let v = 46 + -33. Let f = v + -8. Suppose -d = -2*g + 9 + 10, 3*g = -f*d + 22. What is the units digit of g?
9
What is the tens digit of (-9)/2*(-16)/6?
1
Let n be (-9)/(0 + 3/(-4)). Let f be (-318)/(-8) + 3/n. Suppose -6*x + x = -f. What is the units digit of x?
8
What is the hundreds digit of (-1049)/(-6) + 5/30?
1
Let n be 2*(-2 - 27/(-6)). What is the units digit of n + (-1 - 1) + 2?
5
What is the tens digit of -8*(-4 + (-1)/(-4))?
3
Let u be 158/5 - (-2)/5. Suppose 2*q - u = -o + 5*o, 4*o = -3*q + 88. Let r = q - 3. What is the units digit of r?
1
Suppose -3*m + 5 = -2*m. Suppose 3*k = 4*i - 0*k - 23, 5 = 2*i + m*k. Suppose 0*h + i = 5*h. What is the units digit of h?
1
Let w = -63 - -64. What is the units digit of w?
1
Let o be (-100)/6 + 2/(-6). Let y = o - -31. What is the tens digit of y?
1
Suppose -h = -2 - 1. Suppose 4*w + 9 = -h*l + 24, -4*l + 3*w = 5. What is the units digit of l?
1
Suppose 3*w - 10 = -2*p, -p + 2*w - w = 0. What is the units digit of (-54)/(-4) - 1/p?
3
Suppose -d + 2*x + 46 = -2*d, -4*d = -5*x + 145. Let k be 6/(-3 + 5) - (-6 - -19). What is the units digit of 61/4 - k/d?
5
Suppose 50 = 4*q + j + j, -q + 17 = -4*j. What is the units digit of q + (-2)/(6/(-9))?
6
Let t be (-4)/(0 + 2)*-1. Let z be 16*t - 2 - -1. Suppose 2*n - d + 10 = z, 2*d = -5*n + 57. What is the units digit of n?
1
Suppose 0*i + 36 = 3*i. What is the units digit of i?
2
Let o(t) = 160*t**2 - 2*t + 2. What is the hundreds digit of o(1)?
1
Let a(h) = h**3 + 4*h**2 + 2*h. Let x be a(-3). Suppose 5*t = 36 + 124. Suppose -m + 5 = -4*g, m + m + x*g - t = 0. What is the units digit of m?
3
Let h(a) be the second derivative of -11*a**3/6 - 5*a**2 - 3*a. What is the tens digit of h(-4)?
3
Suppose n = 2*f + 113, -3*f + 302 = 4*n - 106. What is the tens digit of n?
0
Suppose -3*x + 836 = 2*c + 2*c, 3*x + 436 = 2*c. What is the units digit of c?
2
Let d(k) = k**2 + 6*k + 8. Suppose -3*n - 28 = 2*n - 2*j, n + 10 = -4*j. What is the units digit of d(n)?
8
Suppose -v = v + 3*s - 242, 0 = -3*v + s + 352. What is the hundreds digit of v?
1
Let g(x) = -17*x - 12. What is the units digit of g(-4)?
6
Let b be 0 + -2 + (-200)/(-8). Let i = 3 + b. What is the units digit of i?
6
What is the units digit of (-311)/(-7) - 2 - (-21)/(-49)?
2
Let d(f) = -11 + 8*f - f**2 + 3*f + 0*f**2 + f. What is the tens digit of d(9)?
1
Let r(q) = 16*q**2 + 2*q - 8. What is the tens digit of r(3)?
4
What is the units digit of (72/(-20))/(5/(100/(-8)))?
9
Let n = -301 + 547. What is the units digit of n?
6
Suppose 3*p = 36 - 15. Let z = 3 + p. Suppose -7 = -v - 5*x + 16, 2*v - 4*x = -z. What is the units digit of v?
3
Let b = 3259 + -4733. What is the tens digit of b/(-121) + 2/(-11)?
1
Let g be (-4)/(-12) - (-2)/(-6). Suppose 5*k = g, 3*k + 0*k = -u + 16. What is the tens digit of u?
1
Suppose -5*g + 9 + 57 = 2*x, 3*g = -x + 34. What is the units digit of x?
8
Let p be (-4 - -7)/(2/(-18)). Let a = -16 - p. What is the tens digit of a?
1
Suppose -x - 66 = -2*x. What is the units digit of x?
6
Suppose -75 = 4*v + v. Let g(d) = d**3 - 4*d**2 - 9*d + 3. Let l be g(6). Let n = v + l. What is the units digit of n?
6
Suppose 8*f = f + 581. What is the units digit of f?
3
Suppose 13 + 7 = 5*f. Suppose 0 = -f*d - 44 - 4. What is the units digit of (3 - d) + 1 + -3?
3
Let g(z) = z**2 + 6*z + 7. Let d be g(-5). Suppose 0*w = d*w - 26. What is the units digit of w?
3
Let c = 52 - 47. What is the units digit of c?
5
Suppose 0 = -2*v + 55 + 9. Suppose v + 32 = 4*w. What is the tens digit of w?
1
Let n(f) = -f**3 + 5*f**2 + 6*f + 5. What is the units digit of n(6)?
5
Let z(f) = -7*f**2 - 22*f - 27. Let i(s) = 3*s**2 + 11*s + 13. Let k(t) = 5*i(t) + 2*z(t). What is the tens digit of k(-11)?
1
Let a = -3 + 6. What is the tens digit of (-38)/(-3) + a/9?
1
Let z = -2 + 38. What is the units digit of z?
6
Suppose -11*d + 2647 = 480. What is the units digit of d?
7
Suppose -2*x = 3*b - 3*x - 13, 0 = -4*b - 3*x + 26. Suppose w - b*w - 28 = 0. Let o = w - -9. What is the units digit of o?
2
Let u = -13 + 10. What is the units digit of 14*u*5/(-6)?
5
Let m(s) = s**2 + s - 3. Let y(u) = u**2 + 8*u + 8. Let i be y(-6). What is the units digit of m(i)?
9
Suppose 59 = 5*i - 2*p + 3*p, 5*p - 53 = -3*i. Suppose 5*w - 33 = -2*d, 20 = 2*w + 2*w. Suppose -d*n = t - 6 - i, 22 = 4*n + 2*t. What is the units digit of n?
3
Let i be (-2)/((-1 - -3)/1). Let u(x) = -2*x. Let m be u(i). Suppose -24 = -d - m*d. What is the units digit of d?
8
Let z be 4/22 - (-84)/22. Suppose 5*f = 4*l - 14 + 3, 5*l - z*f = 25. What is the units digit of l?
9
Let x(a) = 3*a**2. Let f be x(1). Suppose 5*n = f*r - 94, 3*r - 44 = -5*n - 0*n. What is the units digit of r?
3
Let d(h) = 2*h - 2. Let g be d(2). Suppose 0 = -4*f + g*f + 72. What is the tens digit of f?
3
Let z = -224 + 316. What is the units digit of z?
2
Let w(h) = 2*h - 1 - 3*h - 2. What is the units digit of w(-7)?
4
Let b(x) = x**2 + 1. Let o(n) = -6*n**2 - 13*n - 16. Let t(c) = 5*b(c) + o(c). Suppose -54 = 4*y - 10. What is the units digit of t(y)?
1
Let q(m) = -6*m + 4 + 7*m - 5 + m**2. What is the units digit of q(5)?
9
Let d be (1 - 0)/3*-6. Let v(s) = -7*s - 1. What is the units digit of v(d)?
3
Let m(a) = -6*a - 3. Suppose -3*t + 5 - 14 = 0. What is the tens digit of m(t)?
1
What is the units digit of 10/14 - 30/(-105)?
1
Let f(m) be the second derivative of 0 + 2*m + 1/2*m**2 + 1/3*m**3 - 1/4*m**5 + 1/6*m**4. What is the units digit of f(-1)?
6
Let l be 6/8 - (-78)/24. What is the tens digit of 16 - (-4)/(l/(-2))?
1
Let t(w) = 10 + 12*w - 10. Let k be t(1). Suppose 2*h = 2 + k. What is the units digit of h?
7
Suppose 2*v - 5*n = -22, 3*v + 4 + 6 = -4*n. Let j = v - -20. What is the tens digit of j?
1
Let i be 1/(1/4 - 0). Let v(b) = 3*b + 2*b**2 - i*b - 8*b + 4. What is the tens digit of v(6)?
2
Suppose 17 = 4*a - l, a + 3*a - 2*l = 14. Suppose -3*j - a - 1 = 0. What is the units digit of 7 + j + (1 - 1)?
5
Suppose 269 + 487 = 14*r. What is the units digit of r?
4
Let g = 3 + -2. Let o be 1/3 - g/3. Suppose h = -o*h + 4. What is the units digit of h?
4
Let p = -6 + 9. Let l = 1 + p. Suppose 0*q = l*q - 24. What is the units digit of q?
6
Let x(j) = -6*j - 7. What is the tens digit of x(-8)?
4
What is the tens digit of (5 + -15)/((-2)/20)?
0
Let p = -2 + 5. Suppose -6*u + p*u = -45. What is the tens digit of u?
1
Suppose -3*i - 463 = -1090. What is the hundreds digit of i?
2
Suppose -4*a + 5*a - 3*b = -18, -5*a - 5*b + 10 = 0. Let o be (-1 - a)/(7/28). Suppose -l = 4*p - 34, 38 = -3*p + o*p - l. What is the units digit of p?
8
Suppose 3*g + 9 = -2*l - 0*g, 2*g + 7 = -l. What is the units digit of l?
3
Suppose -126 = 5*d + 2*b + 178, 3*b = 3*d + 174. Let y = -32 - d. What is the units digit of y?
8
Let w be (-2)/(10/8 - 1). Let j(l) = l + 18. What is the units digit of j(w)?
0
Let z = 15 + -10. Suppose z*d - 13 = 12. Suppose -3*p = 3*r, 0*r - 20 = -d*p - r. What is the units digit of p?
5
Suppose 3*o - 4*t = 27, -2*o - 2*t + 29 = -3. What is the tens digit of o?
1
Let h be (-6 - 0)/(0 - -1). Let t(l) be the second derivative of -l**5/20 - 5*l**4/12 + l**3 + l**2 + 4*l. What is the units digit of t(h)?
2
What is the hundreds digit of (-4)/(-7)